= 41 - 42. Let k be c/(-4)*1 + (-60)/(-16). Suppose 0 = -2*h - w + 85, h + w - k*w - 25 = 0. What is the tens digit of h?
4
Suppose 596 = 8*q + 4412. Let b = q + 842. What is the units digit of b?
5
Suppose 0 = -2*k + 4*g + 20, 2*k + g = -0*k - 5. Suppose -3*q - 546 = -5*n - 0*n, -3*n - 4*q + 316 = k. What is the units digit of n?
8
Suppose 0 = -56*g + 52*g + 2352. Let h = g + -263. Let a = 464 - h. What is the units digit of a?
9
Let d(l) = 980*l + 1475. What is the units digit of d(59)?
5
What is the ten thousands digit of (9328/112)/((-4)/(-2702)) + (-2)/(-4)?
5
Suppose 8 = 4*p - 2*u, 0*u = -4*p + 3*u + 8. Suppose -2*r = 2*i + 213 - 1099, 3*i - 882 = -p*r. What is the tens digit of r?
4
Suppose k + d - 5*d - 23 = 0, -3*d - 24 = -3*k. What is the units digit of (47 - 49)*(1821/(-2))/k?
7
Let z be ((-2)/6)/((15/5)/(-27)). Suppose 0*n = z*n - 1824. What is the tens digit of (-6)/18 + (-2 - n/(-6))?
9
Let q = -2801 - -4346. What is the hundreds digit of q?
5
Let h = -31633 + 85483. What is the thousands digit of h?
3
Let h(m) be the first derivative of m**2/2 - 13*m + 19. Let j be h(18). Suppose -20 + 595 = j*i. What is the hundreds digit of i?
1
Suppose -a = -5*v - 9809, -4*a + 27370 = 3*v - 11797. What is the hundreds digit of a?
7
Let n(l) = 0*l**2 + 0 + 171*l + 1 + l**2 - 157*l. Let x be 42/(-196)*-63*(-8)/6. What is the tens digit of n(x)?
7
Let t(z) = -z**3 - 8*z**2 - 9*z - 10. Let l be t(-7). Let y(p) = 2*p**2 - 85*p - 138. Let h be y(44). What is the units digit of (0 + h)*(34/(-3) + l)?
4
Let d(n) be the third derivative of 1/120*n**6 + 0 + 0*n + 29/24*n**4 - 3*n**3 + 21*n**2 - 1/5*n**5. What is the hundreds digit of d(11)?
1
Suppose -18 = -0*i + i. Let x = i - -51. What is the units digit of -1 - (-4 - -4 - x)?
2
What is the thousands digit of 7 + 23932 + 121/(-11) + 0?
3
Let h(a) = 547*a**2 - 140*a + 1136. What is the tens digit of h(11)?
8
What is the thousands digit of 1/1 + 1 - (-3110 - (-8)/(-2))?
3
Let t = -6 - -10. Let v(h) = -2*h**3 - h**2 + 3*h - 9. Let j be v(t). Let p = j - -324. What is the tens digit of p?
8
Suppose 19400 = 2*k - 4*r - 4220, 0 = -k - 3*r + 11780. What is the ten thousands digit of k?
1
Let v be (-5)/20*-4 + 4 - -5. Suppose -2*t + 521 + 570 = -5*b, -v = 2*b. What is the tens digit of t?
3
Let l(q) = q. Let s(z) = -40*z - 5. Let p be 0/2 - (17 + -2)/(-5). Let r(o) = p*l(o) - s(o). What is the hundreds digit of r(5)?
2
Let v be -10 + (-152308)/(-117) - (-2)/9. Suppose -3*i = -n + v, 2*n - 2015 = 3*i + 575. What is the tens digit of n?
9
Suppose -2*l + 51073 = h, -36*l = -32*l - 36. What is the hundreds digit of h?
0
Let o be 695/2*448/80. Let l = o + -1090. What is the tens digit of l?
5
Let o(a) = -a**3 - 16*a**2 + 2*a + 10. Let l = 30 - 46. Let p be o(l). What is the units digit of 20*(p/(-4) + 3)?
0
Let h = 76 + -100. What is the units digit of (h/(-10))/(2952/(-740) + 4)?
2
Suppose 231*a - 254475 = 78230 + 27424. What is the hundreds digit of a?
5
Let b be 8 + -1 + 18 + -22 - -2. Suppose -h - 2078 = -4*h - b*l, 15 = -3*l. What is the hundreds digit of h?
7
Let g(d) = 43039*d**2 + 152*d - 149. What is the ten thousands digit of g(1)?
4
Let s = -34 + 40. Suppose -2*l - 5*y + 27 = 0, -5*l + s = -y - 75. Let i(x) = 2*x + 21. What is the tens digit of i(l)?
5
Let a be (-3 + (-224)/(-12))/((-1)/6). Let o = 137 + a. What is the tens digit of o?
4
Let a(p) = 15*p**2 - 13*p - 4. Let k = -279 + 284. What is the tens digit of a(k)?
0
Suppose 37 = 3*m - h, -m - 2*h - 62 = -6*m. Suppose m - 75 = 7*z. Let y = z - -49. What is the units digit of y?
0
Suppose 530*z = 538*z + 584. Let u = 49 - -48. Let n = u + z. What is the tens digit of n?
2
Suppose 4*h - 3*i - 8640 = -6*i, 0 = -2*i. What is the hundreds digit of h?
1
Let t = -3565 + 787. What is the hundreds digit of (t/6)/(3 - 4)*1?
4
Let m(r) = 4*r**3 - 57*r**2 - 137*r - 106. What is the tens digit of m(27)?
7
What is the units digit of 4/66 + 0 + (-253467825)/(-6435)?
9
What is the ten thousands digit of 3 + (-15 - -8) + (40778 - -6)?
4
Let d(g) = 11*g**2 - 10*g + 15. Let z be d(6). Suppose 3*m + 5*w - 95 - 264 = 0, 0 = -3*m - 3*w + z. Suppose 115*y - 172 = m*y. What is the tens digit of y?
8
Suppose 8216*y - 570528 = 8184*y. What is the ten thousands digit of y?
1
What is the tens digit of (-20)/12 + 482980/186?
9
Let d(n) = 3*n + 1. Let p(s) = s. Let y(g) = d(g) + 4*p(g). Let b be y(-1). What is the hundreds digit of ((-40)/(-70))/(b/(-1239))?
1
Let f(p) = 24*p - 107. Let h(c) = -c + 19. Let g be h(-4). What is the units digit of f(g)?
5
Let i(h) = -h**3 - 10*h**2 + 18*h + 82. Let m be i(-11). Suppose m*j = 17*j - 7512. What is the hundreds digit of j?
6
Let j = -1778 + 6592. What is the units digit of j?
4
Suppose 315639 = 21*q + 215722 - 1741594. What is the ten thousands digit of q?
8
Suppose -5*b = 4*v - 5583, -2*v - 3*b = -1790 - 999. Let c = 2264 - v. What is the tens digit of c?
6
Suppose 16 = 4*t - 3*u, 5*t + 8 = t - 3*u. Suppose 5*g + 14 = -t. What is the units digit of (g - (-164)/(-20))/(2/(-20))?
2
Let u(c) = -6*c**3 - 4*c**2 + 19066. What is the ten thousands digit of u(0)?
1
Suppose 17 = 11*a - 5. Let l be (-47)/((-8)/12*(-3)/a). What is the tens digit of (l/3 - (-12)/(-36))/(-1)?
1
Let r be (-3 - 0/(-4))*(-2)/6. What is the hundreds digit of 4915/45 - (7/(-9) + r)?
1
Suppose -5*s + 36229 = 5*k - 4701, 4*s + k - 32756 = 0. What is the hundreds digit of s?
1
Let d(p) be the first derivative of 2*p**3 - p**2/2 - 38*p - 50. What is the units digit of d(6)?
2
Let p(t) = 31*t**2 + 114*t + 208. What is the units digit of p(-15)?
3
Let y(m) = -m**3 - 10*m**2 - 10*m + 3. Let n be y(-9). Suppose -c + 14 - n = 0. What is the tens digit of c/(-4) + 11725/50?
3
Let c(f) = -679*f - 2560. What is the hundreds digit of c(-12)?
5
Let b(f) = -2*f + 15 - 4*f - 3*f**2 + 14*f + 2*f**2. Let z be b(9). Suppose z*v - 303 = 93. What is the tens digit of v?
6
Suppose -2*i = 2*c + 86, -6*i + 25 = -i. What is the units digit of 1642/6 + (-8)/c*2?
4
Suppose 3 = -3*u + 3*f + 6, 15 = -u + 5*f. Suppose 7455 = u*z + 2410. What is the units digit of z?
9
Suppose -41*a + 63 + 757 = 0. Suppose 0 = -2*b - 3*o - o + 1462, -5*o = -a. What is the hundreds digit of b?
7
Let h(u) = -u**2 - 6*u - 5. Let b be h(-5). Suppose -6*o + 276 + 354 = b. What is the units digit of o?
5
Let c(m) = m**3 + 7*m**2 + m + 1. Let f be c(-6). Let s = 31 - f. Suppose 8*a + s*a - 168 = 0. What is the tens digit of a?
2
Suppose -4*x + 1016 = g, 4*x - g = 5*x - 251. Let s = -7 + x. What is the hundreds digit of s?
2
Suppose 3*c = -5*z + 337, -z + 63 = 6*c - c. Suppose z*f + 944 = 72*f. What is the hundreds digit of f?
2
Let n(j) = -j**2 + 7*j - 9. Let o be n(4). Let f be (o/6)/((-8)/(-144)). Suppose -f*h + 276 = 3*h. What is the units digit of h?
3
What is the hundreds digit of 16108 + (6/(-9))/(6/27)?
1
Suppose 3*x - 14 = -4*t, 5*t = -26*x + 30*x + 2. Suppose -x*w + 217 = -m + 1099, 3*w = 0. What is the hundreds digit of m?
8
What is the tens digit of (-1336500)/(-450) - (4/(-18) - 2/(-9))?
7
Suppose 0 = -462*c + 441*c + 37044. What is the tens digit of c?
6
Let q = 18515 + 10170. What is the units digit of q?
5
What is the hundreds digit of -1051*(32 - -1)*9*(-15)/135?
6
Let r(z) = 24*z**2 - 3*z + 6. Let i(w) = -47*w**2 + 7*w - 12. Let h(s) = -6*i(s) - 11*r(s). What is the tens digit of h(5)?
1
Let q be ((-2)/5)/((-92)/9430). Suppose -2*b - 3*y - 2*y = -105, 0 = -2*b - y + 93. Let d = q + b. What is the tens digit of d?
8
Suppose -18405 = -48*w + 3*w. What is the hundreds digit of (w/4)/(((-28)/32)/(-7))?
8
Let h be (10/8 + -1)/(5/460). Let l(i) = -2*i**3 + 46*i**2 + 36*i - 53. What is the tens digit of l(h)?
7
Let t(y) = y**3 - 14*y**2 - 22*y + 29. Let c(m) = 2*m**3 - 28*m**2 - 45*m + 58. Let j(g) = 4*c(g) - 7*t(g). What is the units digit of j(16)?
5
Let n be (-22)/(-143) - 150/(-39). Suppose n*o = 0, -7*g + 5*o + 3282 = -4*g. What is the thousands digit of g?
1
Suppose -4*f + m = -58 - 284, -f - 3*m = -79. What is the tens digit of f?
8
Let z(f) = f**3 + 57*f**2 - 18*f - 172. What is the tens digit of z(-48)?
2
Suppose 5*l = 9*l - 208. Suppose 2*n - l = -14. Suppose -n = 2*y - 37. What is the units digit of y?
9
Let p be (-138614)/(-3)*(-18)/(-12). Suppose -p = -46*g + 7283. What is the units digit of 